it of 40846171?
7
What is the thousands digit of 114372045?
2
What is the ten millions digit of 1654294896?
5
What is the thousands digit of 483909681?
9
What is the millions digit of 461830263?
1
What is the thousands digit of 1130980399?
0
What is the hundreds digit of 470196651?
6
What is the thousands digit of 77785914?
5
What is the ten millions digit of 552543077?
5
What is the thousands digit of 3010701406?
1
What is the billions digit of 5764025939?
5
What is the hundred thousands digit of 362212323?
2
What is the ten thousands digit of 77660616?
6
What is the hundred millions digit of 912099305?
9
What is the tens digit of 788423100?
0
What is the hundred millions digit of 154384901?
1
What is the hundreds digit of 36289602?
6
What is the ten millions digit of 4084593760?
8
What is the ten millions digit of 927219531?
2
What is the tens digit of 1006173535?
3
What is the ten millions digit of 216482541?
1
What is the hundreds digit of 25192323?
3
What is the thousands digit of 336125446?
5
What is the hundred thousands digit of 73676782?
6
What is the units digit of 30973764?
4
What is the ten millions digit of 5490445524?
9
What is the hundred thousands digit of 2270047313?
0
What is the hundred thousands digit of 90079384?
0
What is the ten millions digit of 679649475?
7
What is the hundred thousands digit of 897449622?
4
What is the ten millions digit of 4127908109?
2
What is the hundred thousands digit of 1925966397?
9
What is the ten millions digit of 72651717?
7
What is the units digit of 41097564?
4
What is the hundred thousands digit of 83391212?
3
What is the hundreds digit of 263934455?
4
What is the millions digit of 40089460?
0
What is the ten millions digit of 178843499?
7
What is the ten thousands digit of 412025892?
2
What is the ten millions digit of 299322042?
9
What is the millions digit of 2568965573?
8
What is the ten thousands digit of 111699773?
9
What is the hundreds digit of 58363994?
9
What is the hundred millions digit of 187074044?
1
What is the ten millions digit of 394171042?
9
What is the hundreds digit of 8743140?
1
What is the ten thousands digit of 68127736?
2
What is the ten thousands digit of 305605905?
0
What is the hundred thousands digit of 3423093449?
0
What is the units digit of 51506362?
2
What is the tens digit of 19451499?
9
What is the units digit of 29906039?
9
What is the millions digit of 3784223494?
4
What is the units digit of 211054018?
8
What is the ten thousands digit of 732672506?
7
What is the ten millions digit of 192744230?
9
What is the hundred thousands digit of 121435958?
4
What is the hundreds digit of 70329762?
7
What is the thousands digit of 407118037?
8
What is the ten millions digit of 48522118?
4
What is the thousands digit of 240836458?
6
What is the ten thousands digit of 147538353?
3
What is the tens digit of 768850287?
8
What is the hundred thousands digit of 11329631?
3
What is the millions digit of 432085671?
2
What is the hundred millions digit of 197110736?
1
What is the units digit of 7751634?
4
What is the hundred thousands digit of 548816553?
8
What is the tens digit of 38939520?
2
What is the ten thousands digit of 93047744?
4
What is the hundred thousands digit of 2350288602?
2
What is the thousands digit of 76797737?
7
What is the hundreds digit of 261084597?
5
What is the ten thousands digit of 632485830?
8
What is the hundred thousands digit of 97715444?
7
What is the hundreds digit of 872798063?
0
What is the hundred millions digit of 502759505?
5
What is the units digit of 191316066?
6
What is the millions digit of 1064469681?
4
What is the ten millions digit of 14311899?
1
What is the ten thousands digit of 146441146?
4
What is the hundred thousands digit of 301538968?
5
What is the thousands digit of 57511303?
1
What is the ten millions digit of 1046184238?
4
What is the hundred thousands digit of 22618212?
6
What is the hundred thousands digit of 898028372?
0
What is the tens digit of 2140936584?
8
What is the hundred millions digit of 876834557?
8
What is the hundreds digit of 99534957?
9
What is the units digit of 1968768030?
0
What is the ten thousands digit of 107921804?
2
What is the hundred thousands digit of 149933212?
9
What is the millions digit of 260348854?
0
What is the thousands digit of 2037810699?
0
What is the thousands digit of 63435813?
5
What is the hundred thousands digit of 224146952?
1
What is the hundreds digit of 225926298?
2
What is the ten millions digit of 1470498359?
7
What is the hundred thousands digit of 72661885?
6
What is the hundreds digit of 2989300645?
6
What is the ten thousands digit of 43582799?
8
What is the hundred thousands digit of 44531759?
5
What is the hundred thousands digit of 11036000?
0
What is the hundred thousands digit of 1433351927?
3
What is the ten millions digit of 30300596?
3
What is the millions digit of 45444127?
5
What is the tens digit of 967932764?
6
What is the ten thousands digit of 22461192?
6
What is the ten millions digit of 1271996919?
7
What is the millions digit of 1363634150?
3
What is the billions digit of 1276834954?
1
What is the thousands digit of 2217543484?
3
What is the hundred thousands digit of 1771199967?
1
What is the millions digit of 62192358?
2
What is the hundreds digit of 625892325?
3
What is the hundred thousands digit of 4221522140?
5
What is the units digit of 13577725?
5
What is the hundred thousands digit of 31192346?
1
What is the hundreds digit of 17599731?
7
What is the thousands digit of 49227403?
7
What is the hundred thousands digit of 85380137?
3
What is the millions digit of 25020534?
5
What is the thousands digit of 976129787?
9
What is the tens digit of 5595776?
7
What is the hundred thousands digit of 69109137?
1
What is the hundreds digit of 324551465?
4
What is the billions digit of 1674178416?
1
What is the thousands digit of 1048796605?
6
What is the millions digit of 964927030?
4
What is the units digit of 290349865?
5
What is the ten thousands digit of 774891688?
9
What is the hundred thousands digit of 53827275?
8
What is the hundred thousands digit of 3724679630?
6
What is the hundreds digit of 836481644?
6
What is the hundred millions digit of 239404845?
2
What is the hundreds digit of 32341520?
5
What is the thousands digit of 1995031336?
1
What is the hundreds digit of 636905531?
5
What is the hundred millions digit of 924471917?
9
What is the units digit of 304663712?
2
What is the hundreds digit of 4320944991?
9
What is the tens digit of 3609553060?
6
What is the tens digit of 28448395?
9
What is the millions digit of 27203584?
7
What is the hundred thousands digit of 22682918?
6
What is the hundred thousands digit of 322174354?
1
What is the tens digit of 4035133501?
0
What is the units digit of 4127541429?
9
What is the ten millions digit of 231256985?
3
What is the units digit of 4146904274?
4
What is the units digit of 22788147?
7
What is the units digit of 10561129?
9
What is the thousands digit of 198055863?
5
What is the ten millions digit of 343944810?
4
What is the ten thousands digit of 63984768?
8
What is the ten thousands digit of 19765271?
6
What is the millions digit of 1345256940?
5
What is the thousands digit of 588554514?
4
What is the units digit of 55583480?
0
What is the thousands digit of 6650666?
0
What is the ten millions digit of 640386472?
4
What is the hundreds digit of 13603571?
5
What is the ten thousands digit of 25346663?
4
What is the ten millions digit of 3330767857?
3
What is the ten millions digit of 126798472?
2
What is the tens digit of 114402644?
4
What is the millions digit of 57856170?
7
What is the millions digit of 420514290?
0
What is the hundred thousands digit of 238518306?
5
What is the tens digit of 67281173?
7
What is the billions digit of 4987053313?
4
What is the ten thousands digit of 60264501?
6
What is the hundred millions digit of 5603373541?
6
What is the ten millions digit of 302504845?
0
What is the ten millions digit of 183550760?
8
What is the hundreds digit of 137397121?
1
What is the ten millions digit of 1796884076?
9
What is the thousands digit of 163459972?
9
What is the millions digit of 2874081075?
4
What is the ten millions digit of 133786025?
3
What is the tens di